se 3*o + 3*n - 87 = 0, -4 + h = o - 5*n. Calculate the greatest common factor of o and 42.
6
Suppose 85*i = -288*i + 182770. What is the greatest common divisor of 700 and i?
70
Let r(u) = 8*u - 4. Let s be r(2). Let d be (-5 - (-87)/21)*-6*21. Calculate the highest common factor of d and s.
12
Let g be (-5)/45*-6*165. What is the greatest common factor of 320 and g?
10
Let p(y) = -y**2 + 9*y + 4. Let g be p(9). Suppose 4*l = -g*f + 40, -4*l = -0*l + 3*f - 44. Calculate the greatest common divisor of 133 and l.
7
Let l(a) = 2*a**2 - 1534*a + 10660. Let j be l(7). Let m be (-20*4)/(1/(-4)). What is the highest common factor of j and m?
20
Let x = 250 + -198. Let m(r) = r**3 + 12*r**2 + 8*r - 25. Let d be m(-11). Calculate the highest common divisor of x and d.
4
Let c(r) = r**3 - 35*r**2 + 15*r - 405. Let z be c(35). What is the highest common factor of 75 and z?
15
Let v(g) = g - 56. Let w be v(-17). Let b = w + 163. Let f(n) = 3*n**2 + 8*n. Let y be f(-6). What is the greatest common factor of b and y?
30
Suppose 2 = 5*u + 27. Let c(i) = -3*i + 7. Let n be c(u). What is the highest common divisor of n and 33?
11
Let z be 3 + (-6 - -10) + 0 + 183. Let t = z - 136. Suppose 2*m - m = 108. Calculate the highest common factor of m and t.
54
Let y(v) = -v**2 + 3*v + 21. Let r be y(6). Suppose r*u + 25 - 190 = 0. Calculate the greatest common factor of u and 99.
11
Suppose 985*x = 916*x + 45195. Calculate the highest common factor of x and 55.
5
Let n(r) = 62*r + 98. Let q(z) = -1. Let h(d) = -n(d) - 8*q(d). Let m be h(-5). What is the greatest common divisor of 60 and m?
20
Let x(p) = 5*p**2 + 16*p - 357. Let d be x(-25). What is the greatest common divisor of 192 and d?
64
Let m(j) = 3*j**3 - 36*j**2 + 12*j - 9. Let x be m(12). What is the greatest common divisor of 1107 and x?
27
Let d(n) = n**3 + 6*n**2 - 9*n - 8. Let q be d(-7). Suppose q*w - 918 = 4*w. Calculate the greatest common divisor of 17 and w.
17
Let q = -5642 - -5645. Let i(j) = -j**2 + j + 144. Let k be i(0). Suppose 5*r - 5*n - k + 59 = 0, -15 = -q*n. Calculate the highest common factor of r and 198.
22
Suppose 2*z + 142 = 5*d, 2*d - 83 = -d - z. Suppose 11*w + 579 = 4693. Suppose 0 = -i + w - 122. Calculate the highest common divisor of d and i.
28
Suppose 0 = -959*z + 963*z - 5*i - 476, 4*z - 436 = -5*i. What is the greatest common divisor of 950 and z?
38
Suppose 5*o = -12 + 317. Let h = 78 - o. Let x = -8 + h. Calculate the greatest common divisor of 99 and x.
9
Let n = -17155 - -17221. Let v(j) = -j - 1. Let r be v(-7). Calculate the greatest common factor of n and r.
6
Let v be 0 - (18 - 11/(22/8)). Let d be 54/7 + (-4)/v. Calculate the highest common divisor of 50 and d.
2
Let c be 196/(-70)*5 - -43. Let u be 145*(2 + 1/(-1)). Calculate the greatest common divisor of u and c.
29
Let m be (-110)/(-2) + -2 - 1. Suppose 2*h + 2*k - 418 = 0, -4*h + 1039 = h - k. What is the highest common divisor of h and m?
52
Let c(j) = 12*j**2 - 16*j - 40. Let a be c(-3). Suppose 0 = 26*h - a - 352. Calculate the highest common divisor of 648 and h.
18
Suppose 50*g - 54*g - 4*y = -8, g = -4*y + 8. Suppose g = r - 281 + 39. What is the highest common divisor of 22 and r?
22
Let r = -17814 - -17944. Calculate the highest common divisor of r and 6136.
26
Suppose 6*k = -75 + 243. Suppose -k*d = -32*d + 8. Suppose -3*s + 14 = l, 0*l - d*s = 2*l - 16. Calculate the greatest common divisor of 5 and l.
5
Let z = 3911 - 3860. What is the highest common factor of 34 and z?
17
Let y(n) = 4*n**2 - 8*n + 6. Suppose r + 3*a = -a - 6, 3*r - 10 = 2*a. Let s be y(r). What is the greatest common divisor of 102 and s?
6
Let d = -87 - -24. Let n = 66 + d. Suppose -7 = 2*v + 5*z - 3, -4*v = -5*z - 22. What is the highest common factor of n and v?
3
Suppose 0*g - 2*o + 103 = g, 0 = 3*g + 5*o - 307. Let u(k) = k**2 - 501*k - 2512. Let x be u(-5). What is the highest common divisor of g and x?
9
Let l(n) = 4*n - 13. Let a be l(7). Suppose 0 = 5*r - 43 + 38. Let d = r - -24. Calculate the greatest common divisor of d and a.
5
Suppose -h = 3*p - 142, 4*p + h - 188 = -h. Suppose 3*b - p = -2*i - i, 4*i - 70 = -2*b. What is the greatest common divisor of i and 266?
19
Let r be (131*3/6)/(8/32). Suppose -13*y + 882 + r = 0. What is the highest common divisor of 16 and y?
8
Let v be (-2)/10 + (-786)/(-30) + -2. Let g = v - 20. Suppose 3*p - 4*h = 403, p - g*h - 128 = 9. Calculate the greatest common divisor of 19 and p.
19
Let g(t) = -t**3 + 45*t**2 + 206*t + 6. Let x be g(49). Let n = -29 - -45. Calculate the highest common factor of x and n.
16
Suppose -3*h + 1107 = 2*q, 231*h + 2793 = 5*q + 230*h. What is the greatest common divisor of q and 10?
2
Let f be (-2 + (6 - -149))*3*-1. Let s = -331 - f. What is the greatest common factor of s and 32?
32
Let c(z) = -z**3 + 25*z**2 + 38*z - 24. Let l be c(26). Let n be (-4 - l/(-30))/((-4)/(-240)). Calculate the highest common divisor of 42 and n.
42
Let f(k) = k**3 - 60*k**2 + 71*k - 253. Let g be f(59). Calculate the highest common divisor of 325 and g.
65
Let f(y) = -y**3 + 14. Let d be f(0). Suppose -x + 5*b = -7, 4*b = 17*x - 11*x - 224. Calculate the greatest common factor of d and x.
14
Let y be (-18)/33 + (-32)/(-1584)*819. What is the highest common factor of y and 1528?
8
Let k = -9028 - -12348. What is the highest common factor of 140 and k?
20
Let r = 17828 - 17813. Calculate the greatest common divisor of 5870 and r.
5
Suppose -2*r - 7 + 77 = 0. Suppose 3*h = 28 + 23. Let v = 87 - h. What is the greatest common factor of r and v?
35
Let u(b) = 2*b + 15. Let l = 48 + -51. Let a(z) = z + 1. Let d(v) = l*a(v) + u(v). Let j be d(-5). What is the highest common divisor of j and 68?
17
Suppose -4*w + 4 + 20 = 2*u, 2*u + w = 18. Suppose 29*p - 24*p - s = 287, 4*s = -u. What is the highest common factor of 209 and p?
19
Let o = 156 - 134. Let l(v) = -o*v + 8 - 16*v + 9 + 25*v**2 + 47*v. Let f be l(-2). What is the highest common factor of f and 9?
9
Suppose 1992 = 36*k + 372. What is the greatest common factor of 7785 and k?
45
Let w = -6448 - -6498. What is the highest common divisor of w and 2130?
10
Let o(c) = -c**3 - 28*c**2 + 27*c + 26. Let y be o(-29). What is the greatest common divisor of y and 2316?
12
Suppose 24*p + 20*p = 11*p. Let j be 594/(p + (-10)/(-15)). Calculate the highest common factor of j and 33.
33
Let o = 290 + -285. Suppose 0*x = 2*i - 3*x - 5, -o*x = -5. What is the greatest common factor of i and 46?
2
Let g be (-10051)/(-23) + -2 + (2 + 4 - 1). Calculate the greatest common divisor of 16 and g.
8
Let l = 32 - 27. Suppose 3*m = -3*y - m + 20, -5*y = -l*m + 25. Suppose y = -2*c - c + 348. What is the highest common factor of 29 and c?
29
Let c = 6720 - 6524. Calculate the greatest common divisor of c and 308.
28
Let p = 1373 + 2227. Calculate the highest common factor of p and 90.
90
Suppose -4*w = 3*d - 2148, 37*d + 3*w + 1449 = 39*d. What is the highest common divisor of 416 and d?
16
Let q = 120 - 111. Suppose -2698 = -4*n + 5*r, 2*r - 5 = -q. What is the greatest common factor of 48 and n?
48
Let m be (-3)/(3/(-60)*(16 - 13)). Calculate the highest common divisor of m and 3140.
20
Let p(n) = 144*n**2 + 3*n + 5. Let v be p(-2). Calculate the highest common divisor of 275 and v.
25
Let q(k) = -40*k**3 - 271*k**2 + 66*k + 38. Let r be q(-7). Suppose 2*l - a = 165, -3*l - 2*a + 323 = 58. Calculate the highest common factor of r and l.
17
Let i(z) = -z**2 + 21*z + 22. Let b be i(22). Suppose -4*w + 51 + 189 = b. Calculate the highest common divisor of 40 and w.
20
Suppose -18*s = -32*s. Suppose 4*i = -3*x - 179 + 505, -5*x + 3*i + 553 = s. Calculate the greatest common divisor of x and 88.
22
Let n(l) = 2*l**3 - l**2 + 1. Suppose 0 = 6*m - 1 + 7. Let c be n(m). Let b be 6/9 + 53/(-3)*c. What is the highest common divisor of b and 24?
12
Let i = -15415 - -15721. What is the highest common factor of i and 850?
34
Let z(a) = a + 16. Let n be z(-11). Suppose -n*y + 331 = 3*s, 0*y - 107 = -s - y. What is the highest common divisor of s and 153?
51
Let x(w) = -74*w + 2260. Let p be x(-62). What is the greatest common factor of 64 and p?
64
Let o(f) = -f**3 + 10*f**2 - 10*f + 8. Let a be o(7). Let w be 28/10 - 6/(-30). Suppose 8 = w*l - 94. Calculat